{"id":100,"date":"2022-11-05T06:03:38","date_gmt":"2022-11-05T09:03:38","guid":{"rendered":"https:\/\/mtb.cms.gl\/?page_id=100"},"modified":"2024-08-09T11:35:01","modified_gmt":"2024-08-09T12:35:01","slug":"badene","status":"publish","type":"page","link":"https:\/\/mtb.gl\/kl\/badene\/","title":{"rendered":"B\u00e5dene"},"content":{"rendered":"\n<div class=\"wp-block-columns is-layout-flex wp-container-core-columns-is-layout-9d6595d7 wp-block-columns-is-layout-flex\">\n<div class=\"wp-block-column is-layout-flow wp-block-column-is-layout-flow\" style=\"flex-basis:33.33%\">\n<figure class=\"wp-block-image size-full\"><img loading=\"lazy\" decoding=\"async\" width=\"640\" height=\"426\" src=\"https:\/\/mtb.cms.gl\/wp-content\/uploads\/2022\/11\/Bolatta_2.jpg\" alt=\"\" class=\"wp-image-19\" srcset=\"https:\/\/mtb.gl\/wp-content\/uploads\/2022\/11\/Bolatta_2.jpg 640w, https:\/\/mtb.gl\/wp-content\/uploads\/2022\/11\/Bolatta_2-300x200.jpg 300w\" sizes=\"auto, (max-width: 640px) 100vw, 640px\" \/><\/figure>\n\n\n\n<figure class=\"wp-block-image size-full\"><img loading=\"lazy\" decoding=\"async\" width=\"640\" height=\"426\" src=\"https:\/\/mtb.cms.gl\/wp-content\/uploads\/2022\/11\/Matta_2.jpg\" alt=\"\" class=\"wp-image-21\" srcset=\"https:\/\/mtb.gl\/wp-content\/uploads\/2022\/11\/Matta_2.jpg 640w, https:\/\/mtb.gl\/wp-content\/uploads\/2022\/11\/Matta_2-300x200.jpg 300w\" sizes=\"auto, (max-width: 640px) 100vw, 640px\" \/><\/figure>\n<\/div>\n\n\n\n<div class=\"wp-block-column is-layout-flow wp-block-column-is-layout-flow\" style=\"flex-basis:66.66%\">\n<h4 class=\"wp-block-heading\">Beskrivelse af b\u00e5dene<\/h4>\n\n\n\n<p>B\u00e5dene er med forl\u00e6nget agterspejl med plads til 12 passager. Fart\u00f8jerne er udstyret med alt navigations- og rednings-udstyr og er isforst\u00e6rket og tilpasset de \u2013 til tider &#8211; barske gr\u00f8nlandske farvande.<\/p>\n\n\n\n<p>De har farttilladelse som godkendt passagerfart\u00f8j med hel\u00e5rlig indensk\u00e6rs og kystn\u00e6r sejlads langs Gr\u00f8nlands kyster med hjemsted i Maniitsoq.<\/p>\n<\/div>\n<\/div>\n","protected":false},"excerpt":{"rendered":"<p>Beskrivelse af b\u00e5dene B\u00e5dene er med forl\u00e6nget agterspejl med plads til 12 passager. Fart\u00f8jerne er udstyret med alt navigations- og rednings-udstyr og er isforst\u00e6rket og tilpasset de \u2013 til tider &#8211; barske gr\u00f8nlandske farvande. De har farttilladelse som godkendt passagerfart\u00f8j med hel\u00e5rlig indensk\u00e6rs og kystn\u00e6r sejlads langs Gr\u00f8nlands kyster med hjemsted i Maniitsoq.<\/p>\n","protected":false},"author":1,"featured_media":0,"parent":0,"menu_order":0,"comment_status":"closed","ping_status":"closed","template":"","meta":{"inline_featured_image":false,"ngg_post_thumbnail":0,"footnotes":""},"class_list":["post-100","page","type-page","status-publish","hentry"],"translation":{"provider":"WPGlobus","version":"3.0.2","language":"kl","enabled_languages":["da","en","kl"],"languages":{"da":{"title":true,"content":true,"excerpt":false},"en":{"title":true,"content":true,"excerpt":false},"kl":{"title":false,"content":false,"excerpt":false}}},"_links":{"self":[{"href":"https:\/\/mtb.gl\/kl\/wp-json\/wp\/v2\/pages\/100","targetHints":{"allow":["GET"]}}],"collection":[{"href":"https:\/\/mtb.gl\/kl\/wp-json\/wp\/v2\/pages"}],"about":[{"href":"https:\/\/mtb.gl\/kl\/wp-json\/wp\/v2\/types\/page"}],"author":[{"embeddable":true,"href":"https:\/\/mtb.gl\/kl\/wp-json\/wp\/v2\/users\/1"}],"replies":[{"embeddable":true,"href":"https:\/\/mtb.gl\/kl\/wp-json\/wp\/v2\/comments?post=100"}],"version-history":[{"count":8,"href":"https:\/\/mtb.gl\/kl\/wp-json\/wp\/v2\/pages\/100\/revisions"}],"predecessor-version":[{"id":282,"href":"https:\/\/mtb.gl\/kl\/wp-json\/wp\/v2\/pages\/100\/revisions\/282"}],"wp:attachment":[{"href":"https:\/\/mtb.gl\/kl\/wp-json\/wp\/v2\/media?parent=100"}],"curies":[{"name":"wp","href":"https:\/\/api.w.org\/{rel}","templated":true}]}}

Bådene

<div class="wp-block-columns is-layout-flex wp-container-core-columns-is-layout-9d6595d7 wp-block-columns-is-layout-flex">
<div class="wp-block-column is-layout-flow wp-block-column-is-layout-flow" style="flex-basis:33.33%">
<figure class="wp-block-image size-full"><img loading="lazy" decoding="async" width="640" height="426" src="https://mtb.cms.gl/wp-content/uploads/2022/11/Bolatta_2.jpg" alt="" class="wp-image-19" srcset="https://mtb.gl/wp-content/uploads/2022/11/Bolatta_2.jpg 640w, https://mtb.gl/wp-content/uploads/2022/11/Bolatta_2-300x200.jpg 300w" sizes="auto, (max-width: 640px) 100vw, 640px" /></figure>



<figure class="wp-block-image size-full"><img loading="lazy" decoding="async" width="640" height="426" src="https://mtb.cms.gl/wp-content/uploads/2022/11/Matta_2.jpg" alt="" class="wp-image-21" srcset="https://mtb.gl/wp-content/uploads/2022/11/Matta_2.jpg 640w, https://mtb.gl/wp-content/uploads/2022/11/Matta_2-300x200.jpg 300w" sizes="auto, (max-width: 640px) 100vw, 640px" /></figure>
</div>



<div class="wp-block-column is-layout-flow wp-block-column-is-layout-flow" style="flex-basis:66.66%">
<h4 class="wp-block-heading">Beskrivelse af bådene</h4>



<p>Bådene er med forlænget agterspejl med plads til 12 passager. Fartøjerne er udstyret med alt navigations- og rednings-udstyr og er isforstærket og tilpasset de – til tider &#8211; barske grønlandske farvande.</p>



<p>De har farttilladelse som godkendt passagerfartøj med helårlig indenskærs og kystnær sejlads langs Grønlands kyster med hjemsted i Maniitsoq.</p>
</div>
</div>

<p>Beskrivelse af bådene Bådene er med forlænget agterspejl med plads til 12 passager. Fartøjerne er udstyret med alt navigations- og rednings-udstyr og er isforstærket og tilpasset de – til tider &#8211; barske grønlandske farvande. De har farttilladelse som godkendt passagerfartøj med helårlig indenskærs og kystnær sejlads langs Grønlands kyster med hjemsted i Maniitsoq.</p>
